{"id":9460,"date":"2026-03-06T11:06:38","date_gmt":"2026-03-06T10:06:38","guid":{"rendered":"https:\/\/www.optikweber.de\/404-2\/"},"modified":"2026-03-06T11:30:04","modified_gmt":"2026-03-06T10:30:04","slug":"404-2","status":"publish","type":"page","link":"https:\/\/www.optikweber.de\/en\/404-2\/","title":{"rendered":"404"},"content":{"rendered":"<div id='av_section_1'  class='avia-section av-5phjb1-55ffbeefc2f39fd668e5de080aad7081 main_color avia-section-default avia-no-border-styling  avia-builder-el-0  avia-builder-el-no-sibling  avia-bg-style-scroll container_wrap sidebar_right'  ><div class='container av-section-cont-open' ><main  role=\"main\" itemprop=\"mainContentOfPage\"  class='template-page content  av-content-small alpha units'><div class='post-entry post-entry-type-page post-entry-9460'><div class='entry-content-wrapper clearfix'>\n<div  class='flex_column av-1l7rh-4f5ccd3caca40ea50bef3af3bf25bd96 av_one_full  avia-builder-el-1  el_before_av_one_full  avia-builder-el-first  first flex_column_div  '     ><style type=\"text\/css\" data-created_by=\"avia_inline_auto\" id=\"style-css-av-mmeq49gz-dcb35d79c78ff2e6c5be35ad973838aa\">\n#top .av-special-heading.av-mmeq49gz-dcb35d79c78ff2e6c5be35ad973838aa{\npadding-bottom:10px;\n}\nbody .av-special-heading.av-mmeq49gz-dcb35d79c78ff2e6c5be35ad973838aa .av-special-heading-tag .heading-char{\nfont-size:25px;\n}\n.av-special-heading.av-mmeq49gz-dcb35d79c78ff2e6c5be35ad973838aa .av-subheading{\nfont-size:15px;\n}\n<\/style>\n<div  class='av-special-heading av-mmeq49gz-dcb35d79c78ff2e6c5be35ad973838aa av-special-heading-h1  avia-builder-el-2  avia-builder-el-no-sibling '><h1 class='av-special-heading-tag '  itemprop=\"headline\"  >Error 404 &#8211; Page not found<\/h1><div class=\"special-heading-border\"><div class=\"special-heading-inner-border\"><\/div><\/div><\/div><\/div><div  class='flex_column av-2ovff1-3a59e7a11852f1cc2099c51a512bebb6 av_one_full  avia-builder-el-3  el_after_av_one_full  avia-builder-el-last  first flex_column_div  column-top-margin'     ><p><section  class='av_textblock_section av-mmeq7ej6-5d85c9a70dfb65a0c28b6dbf312cabbb '   itemscope=\"itemscope\" itemtype=\"https:\/\/schema.org\/CreativeWork\" ><div class='avia_textblock'  itemprop=\"text\" ><p><strong>Unfortunately, nothing could be found<\/strong><br \/>\nWe apologize, but the requested entry is not available. Would you like to start a new search?<\/p>\n<\/div><\/section><br \/>\n<div  class='avia_search_element av-mmeq8ma3-506bed204d70203996871166aeda6d53  avia-builder-el-5  el_after_av_textblock  el_before_av_textblock '><search><form action='https:\/\/www.optikweber.de\/en\/' id='searchform_element' method='get' class='' data-element_id='av-mmeq8ma3-506bed204d70203996871166aeda6d53' ><div class='av_searchform_wrapper'><input type='search' value='' id='s' name='s' placeholder='Auf der Website suchen...' aria-label='Auf der Website suchen...' class='av-input-field av-input-hasicon' required \/><span class='av-input-field-icon av-search-icon avia-svg-icon avia-font-svg_entypo-fontello' data-av_svg_icon='search' data-av_iconset='svg_entypo-fontello'><svg version=\"1.1\" xmlns=\"http:\/\/www.w3.org\/2000\/svg\" width=\"25\" height=\"32\" viewBox=\"0 0 25 32\" preserveAspectRatio=\"xMidYMid meet\" aria-labelledby='av-svg-title-1' aria-describedby='av-svg-desc-1' role=\"graphics-symbol\">\n<title id='av-svg-title-1'>Search<\/title>\n<desc id='av-svg-desc-1'>Search<\/desc>\n<path d=\"M24.704 24.704q0.96 1.088 0.192 1.984l-1.472 1.472q-1.152 1.024-2.176 0l-6.080-6.080q-2.368 1.344-4.992 1.344-4.096 0-7.136-3.040t-3.040-7.136 2.88-7.008 6.976-2.912 7.168 3.040 3.072 7.136q0 2.816-1.472 5.184zM3.008 13.248q0 2.816 2.176 4.992t4.992 2.176 4.832-2.016 2.016-4.896q0-2.816-2.176-4.96t-4.992-2.144-4.832 2.016-2.016 4.832z\"><\/path>\n<\/svg><\/span><div class='av_searchsubmit_wrapper '><input type='submit' value='Suche' id='searchsubmit' class='button ' title='View results on search page' aria-label='View results on search page' \/><\/div><input type='hidden' name='numberposts' value='5' \/><input type='hidden' name='results_hide_fields' value='' \/><\/div><\/form><\/search><\/div><br \/>\n<section  class='av_textblock_section av-mmeqbsqi-93567cfdfa6ea08a7aa00013650537e9 '   itemscope=\"itemscope\" itemtype=\"https:\/\/schema.org\/CreativeWork\" ><div class='avia_textblock'  itemprop=\"text\" ><p><strong>To obtain the best search results, please observe the following guidelines:<\/strong><\/p>\n<ul class=\"borderlist-not\">\n<li>Always check the spelling carefully.<\/li>\n<li>Try using a similar search term: e.g., Tablet instead of Laptop.<\/li>\n<li>Try using more than one search term.<\/li>\n<\/ul>\n<\/div><\/section><\/p><\/div><\/div><\/div><\/main><!-- close content main element --><\/div><\/div><div id='after_section_1'  class='main_color av_default_container_wrap container_wrap sidebar_right'  ><div class='container av-section-cont-open' ><div class='template-page content  av-content-small alpha units'><div class='post-entry post-entry-type-page post-entry-9460'><div class='entry-content-wrapper clearfix'>\n","protected":false},"excerpt":{"rendered":"","protected":false},"author":1,"featured_media":0,"parent":0,"menu_order":0,"comment_status":"closed","ping_status":"closed","template":"","meta":{"footnotes":""},"class_list":["post-9460","page","type-page","status-publish","hentry"],"yoast_head":"<!-- This site is optimized with the Yoast SEO plugin v27.5 - https:\/\/yoast.com\/product\/yoast-seo-wordpress\/ -->\n<title>404 - Weber Brillengl\u00e4ser<\/title>\n<meta name=\"robots\" content=\"index, follow, max-snippet:-1, max-image-preview:large, max-video-preview:-1\" \/>\n<link rel=\"canonical\" href=\"https:\/\/www.optikweber.de\/en\/404-2\/\" \/>\n<meta property=\"og:locale\" content=\"en_US\" \/>\n<meta property=\"og:type\" content=\"article\" \/>\n<meta property=\"og:title\" content=\"404 - Weber Brillengl\u00e4ser\" \/>\n<meta property=\"og:url\" content=\"https:\/\/www.optikweber.de\/en\/404-2\/\" \/>\n<meta property=\"og:site_name\" content=\"Weber Brillengl\u00e4ser\" \/>\n<meta property=\"article:publisher\" content=\"https:\/\/www.facebook.com\/optikweber.de\/\" \/>\n<meta property=\"article:modified_time\" content=\"2026-03-06T10:30:04+00:00\" \/>\n<meta name=\"twitter:card\" content=\"summary_large_image\" \/>\n<meta name=\"twitter:label1\" content=\"Est. reading time\" \/>\n\t<meta name=\"twitter:data1\" content=\"10 minutes\" \/>\n<script type=\"application\/ld+json\" class=\"yoast-schema-graph\">{\"@context\":\"https:\\\/\\\/schema.org\",\"@graph\":[{\"@type\":\"WebPage\",\"@id\":\"https:\\\/\\\/www.optikweber.de\\\/en\\\/404-2\\\/\",\"url\":\"https:\\\/\\\/www.optikweber.de\\\/en\\\/404-2\\\/\",\"name\":\"404 - Weber Brillengl\u00e4ser\",\"isPartOf\":{\"@id\":\"https:\\\/\\\/www.optikweber.de\\\/en\\\/#website\"},\"datePublished\":\"2026-03-06T10:06:38+00:00\",\"dateModified\":\"2026-03-06T10:30:04+00:00\",\"breadcrumb\":{\"@id\":\"https:\\\/\\\/www.optikweber.de\\\/en\\\/404-2\\\/#breadcrumb\"},\"inLanguage\":\"en-US\",\"potentialAction\":[{\"@type\":\"ReadAction\",\"target\":[\"https:\\\/\\\/www.optikweber.de\\\/en\\\/404-2\\\/\"]}]},{\"@type\":\"BreadcrumbList\",\"@id\":\"https:\\\/\\\/www.optikweber.de\\\/en\\\/404-2\\\/#breadcrumb\",\"itemListElement\":[{\"@type\":\"ListItem\",\"position\":1,\"name\":\"Portada\",\"item\":\"https:\\\/\\\/www.optikweber.de\\\/en\\\/home\\\/\"},{\"@type\":\"ListItem\",\"position\":2,\"name\":\"404\"}]},{\"@type\":\"WebSite\",\"@id\":\"https:\\\/\\\/www.optikweber.de\\\/en\\\/#website\",\"url\":\"https:\\\/\\\/www.optikweber.de\\\/en\\\/\",\"name\":\"Weber Brillengl\u00e4ser\",\"description\":\"Weber Brillengl\u00e4ser ist ein unabh\u00e4ngiges und technologiebasiertes Unternehmen mit mehrj\u00e4hriger Erfahrung in der augenoptischen Industrie.\",\"publisher\":{\"@id\":\"https:\\\/\\\/www.optikweber.de\\\/en\\\/#organization\"},\"potentialAction\":[{\"@type\":\"SearchAction\",\"target\":{\"@type\":\"EntryPoint\",\"urlTemplate\":\"https:\\\/\\\/www.optikweber.de\\\/en\\\/?s={search_term_string}\"},\"query-input\":{\"@type\":\"PropertyValueSpecification\",\"valueRequired\":true,\"valueName\":\"search_term_string\"}}],\"inLanguage\":\"en-US\"},{\"@type\":\"Organization\",\"@id\":\"https:\\\/\\\/www.optikweber.de\\\/en\\\/#organization\",\"name\":\"Weber Brillengl\u00e4ser\",\"url\":\"https:\\\/\\\/www.optikweber.de\\\/en\\\/\",\"logo\":{\"@type\":\"ImageObject\",\"inLanguage\":\"en-US\",\"@id\":\"https:\\\/\\\/www.optikweber.de\\\/en\\\/#\\\/schema\\\/logo\\\/image\\\/\",\"url\":\"https:\\\/\\\/www.optikweber.de\\\/wp-content\\\/uploads\\\/2025\\\/08\\\/logo_weber_website.webp\",\"contentUrl\":\"https:\\\/\\\/www.optikweber.de\\\/wp-content\\\/uploads\\\/2025\\\/08\\\/logo_weber_website.webp\",\"width\":1000,\"height\":354,\"caption\":\"Weber Brillengl\u00e4ser\"},\"image\":{\"@id\":\"https:\\\/\\\/www.optikweber.de\\\/en\\\/#\\\/schema\\\/logo\\\/image\\\/\"},\"sameAs\":[\"https:\\\/\\\/www.facebook.com\\\/optikweber.de\\\/\",\"https:\\\/\\\/www.linkedin.com\\\/company\\\/optik-weber-brillenglser-gmbh\\\/\"]}]}<\/script>\n<!-- \/ Yoast SEO plugin. -->","yoast_head_json":{"title":"404 - Weber Brillengl\u00e4ser","robots":{"index":"index","follow":"follow","max-snippet":"max-snippet:-1","max-image-preview":"max-image-preview:large","max-video-preview":"max-video-preview:-1"},"canonical":"https:\/\/www.optikweber.de\/en\/404-2\/","og_locale":"en_US","og_type":"article","og_title":"404 - Weber Brillengl\u00e4ser","og_url":"https:\/\/www.optikweber.de\/en\/404-2\/","og_site_name":"Weber Brillengl\u00e4ser","article_publisher":"https:\/\/www.facebook.com\/optikweber.de\/","article_modified_time":"2026-03-06T10:30:04+00:00","twitter_card":"summary_large_image","twitter_misc":{"Est. reading time":"10 minutes"},"schema":{"@context":"https:\/\/schema.org","@graph":[{"@type":"WebPage","@id":"https:\/\/www.optikweber.de\/en\/404-2\/","url":"https:\/\/www.optikweber.de\/en\/404-2\/","name":"404 - Weber Brillengl\u00e4ser","isPartOf":{"@id":"https:\/\/www.optikweber.de\/en\/#website"},"datePublished":"2026-03-06T10:06:38+00:00","dateModified":"2026-03-06T10:30:04+00:00","breadcrumb":{"@id":"https:\/\/www.optikweber.de\/en\/404-2\/#breadcrumb"},"inLanguage":"en-US","potentialAction":[{"@type":"ReadAction","target":["https:\/\/www.optikweber.de\/en\/404-2\/"]}]},{"@type":"BreadcrumbList","@id":"https:\/\/www.optikweber.de\/en\/404-2\/#breadcrumb","itemListElement":[{"@type":"ListItem","position":1,"name":"Portada","item":"https:\/\/www.optikweber.de\/en\/home\/"},{"@type":"ListItem","position":2,"name":"404"}]},{"@type":"WebSite","@id":"https:\/\/www.optikweber.de\/en\/#website","url":"https:\/\/www.optikweber.de\/en\/","name":"Weber Brillengl\u00e4ser","description":"Weber Brillengl\u00e4ser ist ein unabh\u00e4ngiges und technologiebasiertes Unternehmen mit mehrj\u00e4hriger Erfahrung in der augenoptischen Industrie.","publisher":{"@id":"https:\/\/www.optikweber.de\/en\/#organization"},"potentialAction":[{"@type":"SearchAction","target":{"@type":"EntryPoint","urlTemplate":"https:\/\/www.optikweber.de\/en\/?s={search_term_string}"},"query-input":{"@type":"PropertyValueSpecification","valueRequired":true,"valueName":"search_term_string"}}],"inLanguage":"en-US"},{"@type":"Organization","@id":"https:\/\/www.optikweber.de\/en\/#organization","name":"Weber Brillengl\u00e4ser","url":"https:\/\/www.optikweber.de\/en\/","logo":{"@type":"ImageObject","inLanguage":"en-US","@id":"https:\/\/www.optikweber.de\/en\/#\/schema\/logo\/image\/","url":"https:\/\/www.optikweber.de\/wp-content\/uploads\/2025\/08\/logo_weber_website.webp","contentUrl":"https:\/\/www.optikweber.de\/wp-content\/uploads\/2025\/08\/logo_weber_website.webp","width":1000,"height":354,"caption":"Weber Brillengl\u00e4ser"},"image":{"@id":"https:\/\/www.optikweber.de\/en\/#\/schema\/logo\/image\/"},"sameAs":["https:\/\/www.facebook.com\/optikweber.de\/","https:\/\/www.linkedin.com\/company\/optik-weber-brillenglser-gmbh\/"]}]}},"_links":{"self":[{"href":"https:\/\/www.optikweber.de\/en\/wp-json\/wp\/v2\/pages\/9460","targetHints":{"allow":["GET"]}}],"collection":[{"href":"https:\/\/www.optikweber.de\/en\/wp-json\/wp\/v2\/pages"}],"about":[{"href":"https:\/\/www.optikweber.de\/en\/wp-json\/wp\/v2\/types\/page"}],"author":[{"embeddable":true,"href":"https:\/\/www.optikweber.de\/en\/wp-json\/wp\/v2\/users\/1"}],"replies":[{"embeddable":true,"href":"https:\/\/www.optikweber.de\/en\/wp-json\/wp\/v2\/comments?post=9460"}],"version-history":[{"count":0,"href":"https:\/\/www.optikweber.de\/en\/wp-json\/wp\/v2\/pages\/9460\/revisions"}],"wp:attachment":[{"href":"https:\/\/www.optikweber.de\/en\/wp-json\/wp\/v2\/media?parent=9460"}],"curies":[{"name":"wp","href":"https:\/\/api.w.org\/{rel}","templated":true}]}}

<!-- This site is optimized with the Yoast SEO plugin v27.5 - https://yoast.com/product/yoast-seo-wordpress/ -->
<title>404 - Weber Brillengläser</title>
<meta name="robots" content="index, follow, max-snippet:-1, max-image-preview:large, max-video-preview:-1" />
<link rel="canonical" href="https://www.optikweber.de/en/404-2/" />
<meta property="og:locale" content="en_US" />
<meta property="og:type" content="article" />
<meta property="og:title" content="404 - Weber Brillengläser" />
<meta property="og:url" content="https://www.optikweber.de/en/404-2/" />
<meta property="og:site_name" content="Weber Brillengläser" />
<meta property="article:publisher" content="https://www.facebook.com/optikweber.de/" />
<meta property="article:modified_time" content="2026-03-06T10:30:04+00:00" />
<meta name="twitter:card" content="summary_large_image" />
<meta name="twitter:label1" content="Est. reading time" />
	<meta name="twitter:data1" content="10 minutes" />
<script type="application/ld+json" class="yoast-schema-graph">{"@context":"https:\/\/schema.org","@graph":[{"@type":"WebPage","@id":"https:\/\/www.optikweber.de\/en\/404-2\/","url":"https:\/\/www.optikweber.de\/en\/404-2\/","name":"404 - Weber Brillengläser","isPartOf":{"@id":"https:\/\/www.optikweber.de\/en\/#website"},"datePublished":"2026-03-06T10:06:38+00:00","dateModified":"2026-03-06T10:30:04+00:00","breadcrumb":{"@id":"https:\/\/www.optikweber.de\/en\/404-2\/#breadcrumb"},"inLanguage":"en-US","potentialAction":[{"@type":"ReadAction","target":["https:\/\/www.optikweber.de\/en\/404-2\/"]}]},{"@type":"BreadcrumbList","@id":"https:\/\/www.optikweber.de\/en\/404-2\/#breadcrumb","itemListElement":[{"@type":"ListItem","position":1,"name":"Portada","item":"https:\/\/www.optikweber.de\/en\/home\/"},{"@type":"ListItem","position":2,"name":"404"}]},{"@type":"WebSite","@id":"https:\/\/www.optikweber.de\/en\/#website","url":"https:\/\/www.optikweber.de\/en\/","name":"Weber Brillengläser","description":"Weber Brillengläser ist ein unabhängiges und technologiebasiertes Unternehmen mit mehrjähriger Erfahrung in der augenoptischen Industrie.","publisher":{"@id":"https:\/\/www.optikweber.de\/en\/#organization"},"potentialAction":[{"@type":"SearchAction","target":{"@type":"EntryPoint","urlTemplate":"https:\/\/www.optikweber.de\/en\/?s={search_term_string}"},"query-input":{"@type":"PropertyValueSpecification","valueRequired":true,"valueName":"search_term_string"}}],"inLanguage":"en-US"},{"@type":"Organization","@id":"https:\/\/www.optikweber.de\/en\/#organization","name":"Weber Brillengläser","url":"https:\/\/www.optikweber.de\/en\/","logo":{"@type":"ImageObject","inLanguage":"en-US","@id":"https:\/\/www.optikweber.de\/en\/#\/schema\/logo\/image\/","url":"https:\/\/www.optikweber.de\/wp-content\/uploads\/2025\/08\/logo_weber_website.webp","contentUrl":"https:\/\/www.optikweber.de\/wp-content\/uploads\/2025\/08\/logo_weber_website.webp","width":1000,"height":354,"caption":"Weber Brillengläser"},"image":{"@id":"https:\/\/www.optikweber.de\/en\/#\/schema\/logo\/image\/"},"sameAs":["https:\/\/www.facebook.com\/optikweber.de\/","https:\/\/www.linkedin.com\/company\/optik-weber-brillenglser-gmbh\/"]}]}</script>
<!-- / Yoast SEO plugin. -->

404 - Weber Brillengläser

Weber Brillengläser

Weber Brillengläser ist ein unabhängiges und technologiebasiertes Unternehmen mit mehrjähriger Erfahrung in der augenoptischen Industrie.
